ate x(b).
-1
Let i(d) = d**2 - 12*d - 14. Suppose 28*z - 449 = -57. Determine i(z).
14
Let a(n) = -3 - 2*n + 6 - 8. Suppose -5*v = 5*g + 14 + 21, -g = -v - 5. Determine a(v).
7
Suppose -4 = 4*s - 3*s. Let o(c) be the first derivative of -c**3/3 - 2*c**2 + 2*c + 48. Determine o(s).
2
Let h(w) = -5*w + 4 + 7*w - w. Let x(g) = g**2 - 15*g - 39. Let o be x(17). Determine h(o).
-1
Suppose -2*x = -2*r, -5*x + 15 = r - 15. Let j(k) = 3*k - 17. Determine j(x).
-2
Let w(i) = 4*i + 2*i - 84*i**2 + 80*i**2 - 3 - 1 - i**3 + 1. Give w(-5).
-8
Let b(r) = -r**2 + 2*r. Let n be (4/5)/(9/45). Suppose 3*g + 12 = 3*a, -n*a + 24 = -g + 5*g. Suppose 0 = 2*i + a - 9. What is b(i)?
0
Let i(y) = -y**2 + 4*y + 3. Let z = -3 + 8. Suppose 3*m - 2*o = -1 - 1, z*m + 45 = -5*o. Let s(b) = b**2 + 5*b + 2. Let k be s(m). Give i(k).
-9
Let t(x) = -x. Let k(r) be the second derivative of -r**3/3 - r**2/2 - 40*r. Let i(s) = -4*k(s) + 5*t(s). Calculate i(-3).
-5
Let w(o) = 7*o - 3. Let k be w(6). Suppose 3*s = -9, 3*l - 3*s = l + k. Let j = l - 10. Let a(q) = -2*q + 2. Calculate a(j).
-8
Let i be (-4)/(-1)*2/4. Let k be 3/i*(-72)/(-27). Let j(x) = -3 + k - 4*x + 2*x - 3*x. Give j(-1).
6
Suppose 0 = -2*z + 8 + 2. Suppose 0 = 3*s + 3, m + 5*s - 7 = z*m. Let h(w) = -w - 4. Calculate h(m).
-1
Suppose -q = -2*m + 1, q = -m + 4*q - 12. Let g(y) be the third derivative of 0*y - 4*y**2 + 0 + 1/6*y**4 - y**m. Calculate g(5).
14
Let b(y) = -y**2 + 7*y + 1. Let k be -1 + -1 + -1 + 5 + -54. Let r = -47 - k. Calculate b(r).
11
Let y be (-8)/(-4) - (0 + 0). Suppose y*f - 28 = -l, -3*f - 26 - 76 = -3*l. Suppose 4 = 4*r + l. Let z(k) = k**2 + 7*k + 9. What is z(r)?
9
Suppose 16 = -3*n + 7*n. Let x(f) = f + 4*f**2 - 20*f**3 - 19*f**3 - 24*f**3 + 62*f**3 - 4. What is x(n)?
0
Let s(w) = -3*w**2 + 42*w - 155. Let j be s(7). Let g(d) = 6*d + 19. Calculate g(j).
-29
Let o(a) = -5*a. Let h be o(-1). Suppose 2*v + h = -3*v. Let z(g) be the second derivative of -g**4/2 - g**3/3 - g**2/2 - 5*g. Give z(v).
-5
Let f(q) = 2*q**3 + 30*q**2 - 32*q - 4. Let z be f(-16). Let a(w) = -5*w**3 + 4*w**2 + 3*w + 5. Let b(v) = v**3 - v. Let y(c) = z*b(c) - a(c). Calculate y(4).
-1
Let z(u) = 2*u**2 - 4*u + 1. Let x(v) = -3*v**2 - 2*v - 4. Let j be x(-1). Let r(q) = 2*q**2 - 5*q + 1. Let m(o) = j*z(o) + 4*r(o). Determine m(-1).
-3
Let w(x) be the second derivative of x**3/3 - x**2 + 46*x - 1. Determine w(2).
2
Let r(f) = 14*f + 2*f**2 - 2 - f**2 - 8*f. What is r(-5)?
-7
Let z(v) = -v**3 - 5*v**2 + 5*v - 7. Let r(y) = y**2 - 2*y. Let d be r(3). Suppose 3*q = -d*k + 51, -4*q + 53 = k - 0*k. Suppose 0*j - q = 2*j. Determine z(j).
-1
Let s(q) = 2*q**3 + 2*q**2 + 2*q + 1. Suppose z = -0*z + 5*z. Suppose z = 10*p + 10. Calculate s(p).
-1
Let b(v) = -v**2 - 3*v - 1. Suppose -6*n + 116 = -5*c - 5*n, 0 = c - 4*n + 27. Let w = c + 19. Calculate b(w).
-5
Let m(o) = 4*o**2 + 8*o + 2. Let b(s) = s**2 + 1. Suppose -3*h - 5 = 4*x - 3, -2*x = -5*h - 12. Let q(j) = x*m(j) - 5*b(j). What is q(5)?
12
Let c(l) be the third derivative of l**6/120 - l**5/30 - l**4/8 + 2*l**3/3 - 85*l**2. Determine c(3).
4
Let y(r) = r**3 - 11*r**2 - 15*r + 27. Let p be ((-72)/(-63))/4 - 82/(-7). Give y(p).
-9
Let j(h) = -h**3 - 10*h**2 + 5*h + 2. Suppose -2*z = -6*z + 8. Let m = 3 + z. Let n(x) = -x**3 - 9*x**2 + 4*x + 2. Let q(l) = m*n(l) - 4*j(l). Determine q(-2).
-10
Let g(r) be the first derivative of r**3/3 - r**2/2 - 86. Calculate g(3).
6
Let j(f) = f - 50. Let g(d) = -d + 7. Let b(h) = 6*g(h) + j(h). Give b(6).
-38
Let t(o) = o**3 + 3*o**2 + 3*o + 3. Let s be (-4 + (-8 - 4))/(-1). Let d be 6/7*56/s. Let k be (-4)/d - 14/21. Calculate t(k).
1
Suppose -8 = 5*p + 4*w - 37, 0 = w - 1. Let d(m) = m. Let i(h) = 2*h. Let k(x) = p*d(x) - i(x). Determine k(1).
3
Let c(r) = 2*r - 2. Let v = -8 + 17. Give c(v).
16
Let x be 4/(-1)*(-30)/60. Let h(p) = -x*p + 12 - 9 - 4 + 3*p + p**2. Give h(0).
-1
Let k(f) = -3*f + 0*f - 15 + 16. Suppose -5*d + 16 = g, -5*g - 5*d = 1 - 21. Calculate k(g).
-2
Let f(t) = -2*t**2 - 5*t + 3. Let a be f(-4). Let n(y) = y + 12. Let g be n(a). Let m(d) = 6*d - 6*d - 2 + d**2 + d**g - 5*d. Determine m(-3).
-5
Let v(z) be the third derivative of z**8/20160 + z**7/1680 + z**6/240 - 7*z**5/30 - 15*z**2. Let f(p) be the third derivative of v(p). Determine f(-2).
1
Suppose -5*y - 51 + 121 = 0. Suppose y = 2*t + 22. Let w(k) = k**3 + 4*k**2 + 4*k + 1. Determine w(t).
-15
Let u(o) = -o**2 - 9*o - 15. Suppose -26 = -2*v - 18, -2*b + 5*v = 34. Determine u(b).
-1
Let o(h) be the third derivative of h**4/6 - h**3/3 + 22*h**2 - 1. Let s be (-1)/4 - (-65)/20. Give o(s).
10
Let v = -25 + 25. Let a(p) be the first derivative of p**4/4 + 6*p - 8. Calculate a(v).
6
Let k(t) be the second derivative of 5*t**3/6 - 11*t. Give k(-2).
-10
Let g(r) = -r**2 - 9*r + 4. Let i be g(-9). Suppose -a = 5*u - 17, i*a + 5*u + 4 + 3 = 0. Let k(v) = -v**3 - 7*v**2 + 8*v + 2. Give k(a).
2
Let y(a) = -57*a**3 - 5*a**2 + 22 - 8*a + 58*a**3 - 16. Suppose 4*o = 74 + 102. Suppose 4 = -b + 3*l + 22, -5*l - o = -4*b. What is y(b)?
-6
Let i = -11 - -8. Let n be (-7)/i + 3/(-9). Let s(h) = 74550 - h - 74550. Calculate s(n).
-2
Let d = 36 + -34. Suppose -3*y + 3 = 5*k, -2*k + 2 = 2*k + d*y. Let v(a) = -a - 1. Determine v(k).
-1
Let l(b) = 3*b - 6. Suppose 10*j = 4*y + 14*j - 32, 8 = y - 5*j. Calculate l(y).
18
Let w(j) = 6*j + 8. Let f(v) = 7*v + 9. Let r(g) = 3*f(g) - 4*w(g). Suppose 7*s - 2*s + 17 = 2*p, -s = -5*p - 15. What is r(s)?
10
Let m = 134 - 134. Let i(t) = t**3 + 22. Calculate i(m).
22
Let v(z) = z**3 + 6*z**2 + z - 2. Suppose w = u - 4*w - 29, -4*u + 4*w = -68. Suppose -5*p + 4*t - u = 0, -2*t - 7 - 1 = 0. What is v(p)?
-8
Suppose -4*h + 0 = -8. Let o(w) = 3*w**h - 16*w - w**2 + 14*w + 0*w**2. Let r be o(2). Let b(l) = 2*l - 4. Determine b(r).
4
Let s(i) be the first derivative of -i**2/2 + 16*i - 2. Let n = 166 + -155. What is s(n)?
5
Let o be (1 - (1 - -1)) + 3. Suppose 3*f + 55 = -o*f. Let t(i) = i + 12. Let d be t(f). Let k(l) = 11*l - 1. Calculate k(d).
10
Suppose -2 = c + 4. Let a(i) = -i**2 - 7*i - 2. Let n(t) = 7. Let w(h) = -11. Let g(m) = -8*n(m) - 5*w(m). Let l(k) = -a(k) + 3*g(k). What is l(c)?
-7
Let q(u) = -4*u**3 + 11*u**2 - 4*u + 5. Let c = 34 - 32. Let w(h) = 3*h**3 - 10*h**2 + 5*h - 6. Let t(b) = c*q(b) + 3*w(b). Determine t(7).
-8
Let j(z) = -2*z + 17. Let q be j(6). Let l(m) = -m**3 + 4*m**2 + 2*m - 6. Give l(q).
-21
Let d(j) = -6 + 9*j**2 - 12*j**2 + 7*j**2. Let x(o) = 5*o**2 - o - 6. Let s(n) = -6*d(n) + 5*x(n). Calculate s(4).
2
Let p = 184 + -177. Let c(a) = -a**3 + 7*a**2 + 4*a - 3. Determine c(p).
25
Let t(q) = 4*q**3 - q**2 + 4*q - 4. Let r(y) = -4*y - 21. Let z be r(-6). Let i(s) = -11*s**3 + 3*s**2 - 11*s + 11. Let n(a) = z*i(a) + 8*t(a). Calculate n(1).
0
Let x(k) = -k - 4. Let c(j) be the third derivative of -j**4/12 - j**3/2 + 15*j**2. Let w(s) = 3*c(s) - 2*x(s). Calculate w(1).
-5
Let k(g) = 3*g**2 + 2. Let l(j) = j**2 + 1. Let x(o) = 3*k(o) - 5*l(o). Let y(u) = -11*u - 111. Let h be y(-10). Determine x(h).
5
Let s(p) be the first derivative of 3*p**4/4 + p**2/2 + 2*p - 22. Give s(-1).
-2
Suppose 4*r + 3*m = 4*m + 61, r = -5*m + 10. Suppose 0*f + 4*f = -q + 23, r = 5*q. Let x(a) = f - 4*a + 5*a + 1. Calculate x(-5).
1
Let u(l) = -2*l - 1. Let v = 3 - -5. Suppose -v = 2*j + 2*j. Let h = j + 6. What is u(h)?
-9
Let s(y) = -y**3 + 3*y**2 - y. Suppose -21 = 31*w - 38*w. What is s(w)?
-3
Let q be (-16)/3 - 3/(-9). Let g be 0*(-2 - (-14)/6) + 40. Let f(j) = -24*j - 17*j + g*j + 1. What is f(q)?
6
Suppose 2*i - x + 9 = 2, 3*i - 2*x = -12. Let o(k) = -41*k**2 - 50*k**2 - 52*k**2 + 195*k**2 - 49*k**2 + 4*k + 3. Calculate o(i).
7
Let l(d) = -d - 15. Let h(x) = 2*x**3 - x**2 + x. Let p be h(1). Suppose 0 = c - p + 1. Let k be -1 + (2/c)/2. Determine l(k).
-15
Let t be (36*1)/(-2) + (57 - 54). Let k(a) = -a - 10. Give k(t).
5
Let f(j) = j**3 + 13*j**2 + 24*j + 15. Let m be f(-11). Let a be (-4)/6 - ((-98)/6)/m. Let y(u) = u + 1. Give y(a).
-2
Let p(w) = -2*w - w + 0*w + 1. Let x(k) = -3*k**3 - 3*k**2 - 3*k - 1. Let t be x(-1). Calculate p(t).
-5
Let b = -203 + 205. Let z(j) = -4*j**3 + 3*j**2. Give z(b).
-20
Let q(o) = -o**2 + o - 1. Let p(f) = 4*f**2 - 8*f + 4. Let v(j) = p(j) + 5*q(j). Let i(k) = -2*k**2 - 17*k - 22. Let t be i(-7). Give v(t